).
-224
Let u(x) = -7*x**2 - 1478*x + 9687. Determine u(-218).
-777
Let x(z) = -z**3 + 71*z**2 - 9*z - 18. Give x(0).
-18
Let s(y) = 5*y**2 + 51*y + 146. What is s(-23)?
1618
Let t(y) = 74*y**2 + 4662*y - 550. Determine t(-63).
-550
Let l(u) = 975*u**2 + 49703*u - 1114. Calculate l(-51).
8
Let d(n) = -n**2 - 44*n + 119180. Determine d(-368).
-52
Let i(j) = -413*j + 19916. Give i(48).
92
Let j(m) = -96*m**3 + 2399*m**2 + 17*m + 108. Determine j(25).
-92
Let r(t) = -14405*t - 216075. What is r(-15)?
0
Let l(b) = b**3 - 6*b**2 + 3599*b - 14367. Give l(4).
-3
Let u(t) = -t**2 - 971*t - 231273. Give u(-552).
15
Let d(b) = 27*b**2 - 1933*b - 564. What is d(72)?
228
Let r(l) = -1131*l + 33001. Give r(29).
202
Let l(p) = p**3 - 2*p**2 + 11*p - 4. Determine l(-3).
-82
Let d(h) = -6*h**3 + 439*h**2 - 2817*h - 1357. Determine d(66).
29
Let j(f) = f**3 + 15*f**2 - 1788*f - 28290. Give j(-16).
62
Let j(y) = -274*y**3 + 10*y**2 + 7*y + 3. What is j(-1)?
280
Let f(c) = -631*c + 58708. What is f(93)?
25
Let g(i) = -1164*i - 18823. Calculate g(-16).
-199
Let j(d) = -1065*d - 38140. Give j(-35).
-865
Let k(z) = -172*z - 49185. What is k(-286)?
7
Let g(o) = o**3 - 34*o**2 - 1406*o - 10021. Calculate g(-11).
0
Let d(y) = 487667*y + 487657. Give d(-1).
-10
Let r(s) = -10*s**2 + 42*s + 201. Give r(-7).
-583
Let w(a) = a**3 - 20*a**2 + 32*a - 2306. Determine w(23).
17
Let g(n) = -1211*n**2 - 7*n - 9. Determine g(-1).
-1213
Let h(i) = -7*i**2 - 30*i + 649. Give h(8).
-39
Let z(p) = 2*p**3 - p**2 - 3317*p + 6650. Determine z(2).
28
Let h(f) = -2*f**3 + 62*f**2 + 7356*f + 1135. Give h(-47).
7
Let o(b) = -6521*b - 20015. What is o(-3)?
-452
Let h(f) = -f**2 - 11740*f - 502960. Give h(-43).
11
Let k(v) = 1051*v**2 - 10390*v - 1195. Calculate k(10).
5
Let s(j) = 168544*j - 3033790. Calculate s(18).
2
Let t(l) = l**2 + 196*l - 15318. Give t(60).
42
Let r(c) = c**2 + 598*c - 21194. Determine r(33).
-371
Let c(j) = -3*j**2 - 85849*j + 12858105. Determine c(149).
1
Let r(z) = 2*z**3 - 28*z**2 + 22*z - 295. Give r(19).
3733
Let g(s) = -s**3 - 140*s**2 - 2686*s - 287. Give g(-117).
-872
Let f(a) = a**3 - 26*a**2 - 89*a + 244. Give f(24).
-3044
Let h(i) = -20*i**2 + 182*i - 1637. Determine h(12).
-2333
Let x(m) = -5*m**3 + 145*m**2 - 1018*m + 69. Determine x(16).
421
Let m(g) = -5020*g - 351383. Give m(-70).
17
Let c(k) = -k**3 - 6*k**2 + 9302*k + 55809. What is c(-6)?
-3
Let v(b) = -12*b**3 + 1043*b**2 - 10018*b - 29. Calculate v(11).
4
Let x(b) = -38724*b - 193633. Determine x(-5).
-13
Let x(i) = -4*i**3 - 20*i**2 + 370*i + 2260. Give x(-6).
184
Let w(r) = r**3 + 66*r**2 + 539*r - 740. Determine w(-56).
436
Let u(w) = -2032*w - 46730. Calculate u(-23).
6
Let u(z) = 3*z**3 + 202*z**2 + 474*z + 1252. Determine u(-65).
17
Let l(n) = -241*n - 9451. What is l(-35)?
-1016
Let h(y) = -y**3 + 40*y**2 - 94*y + 2166. Give h(37).
2795
Let q(o) = -7*o**2 - 743*o - 9401. Give q(-14).
-371
Let m(k) = -9*k**2 + 329*k + 365231. Determine m(-184).
-9
Let w(y) = 40761*y + 3260878. Determine w(-80).
-2
Let g(v) = -218450*v - 2403033. Calculate g(-11).
-83
Let s(j) = 6022*j + 295052. What is s(-49)?
-26
Let w(q) = -q**3 + 6*q**2 + 63*q - 280. Determine w(12).
-388
Let n(q) = -7*q**2 + 609*q - 4203. Give n(7).
-283
Let k(r) = 101*r**2 + 787*r + 1485. Give k(-3).
33
Let k(l) = 7*l**2 - 157*l - 1644. Determine k(-7).
-202
Let d(i) = 1379*i + 45431. Determine d(-33).
-76
Let k(t) = 31*t + 5146. Give k(-156).
310
Let p(v) = -136*v**2 + 7018*v - 35060. Give p(5).
-3370
Let a(s) = -s**2 + 5*s + 498. What is a(40)?
-902
Let i(k) = 2*k**2 - 473*k + 136. Calculate i(0).
136
Let z(r) = -r**3 - 173*r**2 + 706*r - 233. Determine z(-177).
121
Let f(n) = -88158*n - 442418. Give f(-5).
-1628
Let q(o) = -11572*o + 80952. Calculate q(7).
-52
Let o(q) = q**3 - 7*q**2 + 164*q - 1844. What is o(10)?
96
Let p(c) = -2*c**2 - 2470*c + 131126. What is p(51)?
-46
Let w(i) = 279*i - 2983. What is w(7)?
-1030
Let n(k) = 3*k**2 - 15205*k + 767660. Calculate n(51).
8
Let d(h) = 477*h + 26372. Calculate d(-55).
137
Let v(o) = 84220*o + 252684. Calculate v(-3).
24
Let h(q) = 17*q**2 - 496*q - 1456. Give h(-3).
185
Let h(o) = 945*o - 129306. Determine h(136).
-786
Let l(f) = -f**3 - 163*f**2 + 1733*f + 449. What is l(-173)?
-70
Let g(s) = 7*s**3 - 461*s**2 + 368*s + 143. What is g(65)?
-1287
Let j(a) = 486*a + 6790. Calculate j(-14).
-14
Let j(y) = 14252*y + 755378. Determine j(-53).
22
Let j(l) = 29*l**2 + 156*l - 117. Calculate j(-6).
-9
Let v(r) = -1026*r + 487250. Calculate v(475).
-100
Let p(d) = -2*d**2 + 5967*d + 77724. Give p(-13).
-185
Let f(i) = 65077*i + 3384001. Calculate f(-52).
-3
Let u(p) = p**3 - 239*p**2 + 1402*p + 9. Determine u(6).
33
Let v(t) = -t**2 - 63124*t + 631363. Give v(10).
23
Let a(t) = 56407*t - 5527896. Determine a(98).
-10
Let n(i) = 2*i**3 - 5*i**2 + 25*i - 522. Calculate n(8).
382
Let h(x) = -x**3 + 16*x**2 + 407*x + 886. Give h(-11).
-324
Let g(p) = -2*p**3 + 46*p**2 - 216*p + 85. What is g(17)?
-119
Let z(u) = 8*u**3 + 4*u**2 + 140*u - 147. Determine z(1).
5
Let k(p) = p**2 + 76*p - 10592. Calculate k(-151).
733
Let r(m) = -m**3 + 2*m**2 + 564*m - 1685. Determine r(3).
-2
Let c(p) = -7*p**2 + 12880*p - 38616. What is c(3)?
-39
Let f(k) = k**3 - 22*k**2 - 156*k + 3922. What is f(15)?
7
Let u(n) = -12720*n**2 - 50961*n - 319. Determine u(-4).
5
Let j(s) = s**3 - 150*s**2 - 1625*s - 260. What is j(-10)?
-10
Let f(u) = -9259*u - 101897. Calculate f(-11).
-48
Let u(m) = -2*m**2 + 9868*m - 127943. Give u(13).
3
Let l(u) = 108*u - 9703. Determine l(88).
-199
Let j(g) = -184708*g + 23827348. Determine j(129).
16
Let a(n) = -96461*n + 1929218. Calculate a(20).
-2
Let l(n) = -62*n + 13231. Give l(184).
1823
Let h(n) = -175*n - 19243. Calculate h(-107).
-518
Let v(s) = -s**3 + 45*s**2 - 301*s - 348. Give v(9).
-141
Let w(g) = 585*g - 253976. Give w(434).
-86
Let m(u) = -120*u**3 - 2*u**2 - 41*u + 82. Calculate m(2).
-968
Let x(z) = 112*z**2 + 350*z + 48. Give x(-3).
6
Let o(n) = 1252*n + 51317. Give o(-41).
-15
Let c(q) = 4251*q - 271460. What is c(64)?
604
Let p(n) = -n**3 - 9*n**2 - 38*n - 136. What is p(-7)?
32
Let n(m) = m**3 - 156*m**2 - 134*m - 3705. Give n(157).
-94
Let b(z) = 15*z**2 - 744*z - 77. Determine b(52).
1795
Let d(y) = 61*y**2 - 6952*y - 227. Determine d(114).
1
Let p(i) = 8*i**3 + 273*i**2 - 268*i - 801. Give p(-35).
4
Let s(w) = -10*w**2 + 211*w + 5747. Determine s(35).
882
Let s(r) = -14278*r + 742457. Give s(52).
1
Let q(s) = 126*s - 28437. Calculate q(225).
-87
Let p(b) = 5*b**2 + 8022*b - 56268. What is p(7)?
131
Let k(x) = 4*x**3 - 95*x**2 + 527*x - 154. Determine k(8).
30
Let t(a) = 2*a**2 + 151*a - 16602. Calculate t(61).
51
Let x(p) = -p**3 - 15*p**2 + 2798*p + 25663. Calculate x(-9).
-5
Let j(t) = 2*t**3 - 133*t**2 - 52*t - 898. Calculate j(67).
107
Let i(c) = 979*c - 40263. Give i(41).
-124
Let n(a) = -4*a**2 - 3386*a - 637340. What is n(-564)?
-20
Let s(f) = -5314*f + 594860. Calculate s(112).
-308
Let a(f) = f**3 - 28*f**2 - 71*f - 668. Determine a(31).
14
Let f(h) = -4859*h - 9167. Give f(-2).
551
Let r(m) = 14*m**2 - 4524*m - 18073. Determine r(-4).
247
Let p(o) = o**3 + 92*o**2 + 1676*o + 2052. Calculate p(-23).
5
Let m(z) = -12799*z - 255951. What is m(-20)?
29
Let n(q) = -q**3 - 17*q**2 - 2633*q - 15368. What is n(-6)?
34
Let t(p) = 3*p**2 + 3879*p + 11628. Calculate t(-3).
18
Let z(i) = 4745*i - 28465. Determine z(6).
5
Let f(i) = 2*i**2 + 946*i + 106611. Give f(-188).
-549
Let o(m) = 10560*m + 18712313. Determine o(-1772).
-7
Let q(j) = 284586*j - 52. Determine q(0).
-52
Let q(p) = -p**3 - 19*p**2 + 55*p + 555. What is q(-17)?
-958
Let x(v) = -652*v + 94930. Give x(145).
390
Let w(m) = 2*m**2 - 85917*m + 945152. Determine w(11).
307
Let x(s) = -535728*s - 95895304. Determine x(-179).
8
Let j(r) = -r**3 - 19*r**2 - 60*r - 756. Determine j(-18).
0
Let x(j) = -89063*j + 890463. Calculate x(10).
-167
Let v(g) = -28*g**2 - 529*g - 1058. What is v(-2)?
-112
Let c(l) = -4*l**3 + 31*l**2 + 31*l - 312. What is c(3)?
-48
Let v(l) = -3*l**2 + 128*l - 992. Give v(34).
-108
Let f(h) = -210*h - 83. Determine f(1).
-293
Let o(r) = 4*r**2 + 10173*r + 40717. Determine o(-4).
89
Let z(r) = r**2 - 36*r - 6586. What is z(-74)?
1554
Let h(i) = 12*i**2 + 154*i - 2164. Calculate h(1